ppose 16 = 3*v + w + w, w + p = 3*v. Calculate the highest common divisor of v and 8.
4
Suppose 3*r - 3 = -3*m, r + 5 = 2*r - m. Suppose 2*k + i = -r*i + 42, -3*k = 2*i - 51. Calculate the greatest common divisor of 165 and k.
15
Let o be -3 + 2 - (20 - 19). Let j be o/3 + (-968)/(-66). Calculate the greatest common divisor of j and 28.
14
Suppose 438 = 5*v - n, -v + 4*n + 49 = -50. Calculate the greatest common divisor of v and 29.
29
Suppose q - 3 = 0, 2 = -4*x + 5*x - 2*q. Suppose 52 = 4*i - x*i. Let g = i + 23. What is the greatest common divisor of g and 20?
10
Let v = -81 + 207. Suppose -4*z + 6 = -50. What is the greatest common factor of v and z?
14
Let n = 15 + -9. Calculate the highest common divisor of n and 78.
6
Suppose 47 = 5*q - 3*u, -u + 29 = 4*q - 12. Let s = -22 - -14. Let h(b) = -b**3 - 8*b**2 + 10. Let o be h(s). What is the highest common factor of o and q?
10
Let v(k) = -k**3 - 9*k**2 + 4*k. Suppose 3 = i - 2*i, -2*o - 26 = 2*i. Let w be v(o). Calculate the highest common divisor of w and 12.
12
Let l be -5 - ((-8)/4 - 471). What is the highest common divisor of l and 104?
52
Let i(d) = 2*d**3 + 4*d**2 + 4*d - 1 + 5 + 4*d**3 + 3*d. Let p be i(-3). Let z = 311 + p. Calculate the highest common divisor of z and 21.
21
Let m be ((-136)/(-102))/((-1)/(-21)). Let g be -1 + 11 + -1 - 2. What is the greatest common divisor of m and g?
7
Suppose 0 = -3*b + 11*l - 6*l + 644, 2*l + 216 = b. What is the highest common divisor of 13 and b?
13
Suppose -2 = 15*o - 13*o. Let k be (7 - o)/(4/40). What is the highest common factor of 16 and k?
16
Let r be 0 + 4/((-4)/(-5)). Calculate the greatest common factor of 40 and r.
5
Let s be 2*-1 - (-21)/3. Let c(v) = -4*v**3 - 2*v - 2. Let f be c(-1). Let u be f/(-2)*(1 + -6). What is the greatest common factor of s and u?
5
Let i be ((-2)/(-3))/(3/1206). Suppose -122 = -6*s + i. What is the highest common factor of s and 39?
13
Let k be 165/10*(-16)/(-24). Calculate the highest common divisor of k and 1111.
11
Suppose 15 = 3*j + 123. Let o be (1/(-1) - 35)*27/j. Let w = 31 + -13. What is the greatest common factor of o and w?
9
Let a = -70 + 68. Let f be (a/8)/(6/(-24)). Calculate the greatest common factor of 7 and f.
1
Let d be 2/(-11) - 200/(-11). Let g = -80 - -107. What is the greatest common divisor of d and g?
9
Suppose 192 = -d + 4*d. Let x be -5 - 7/((-14)/74). Calculate the greatest common divisor of x and d.
32
Let u(c) = -c**2 + 8*c - 3. Let m be u(6). Suppose 4*a - 2*s - 221 = -565, -77 = a + 4*s. Let h = a + 112. Calculate the highest common divisor of m and h.
9
Let w = -42 - -77. Let t = -23 + w. Calculate the highest common factor of t and 18.
6
Suppose 3*c + 2*c = -10. Let w be c + 84/(3 + 0). Let m = -17 + w. Calculate the greatest common divisor of m and 1.
1
Suppose q = 2*f + 23, f = -8*q + 13*q - 124. What is the highest common divisor of q and 35?
5
Suppose -2*h = 48 + 86. Let o = 172 + h. What is the greatest common factor of 30 and o?
15
Suppose 0 = -2*p + 29 + 131. Suppose 2*y - 4*m = 28, -304*m + 2 = -305*m. Calculate the highest common factor of y and p.
10
Suppose 2*o - 17 = 3*h, 18 = -o - h + 39. Calculate the highest common factor of o and 68.
4
Let u = -87 - -89. What is the greatest common factor of 32 and u?
2
Suppose 0 = 4*b - b - 5*a - 24, -4*a = -b + 15. Suppose -b*c + 2*c = 0, 5*g + 1340 = -c. Let m = -76 - g. Calculate the greatest common factor of m and 24.
24
Let b(l) = 10*l + 7. Let h be b(6). Suppose 85 - h = v. Calculate the greatest common divisor of 54 and v.
18
Let v(u) = u**2 + 8*u - 125. Let p be v(9). Calculate the greatest common divisor of 14 and p.
14
Suppose 209 = 4*h + 177. What is the greatest common factor of 56 and h?
8
Suppose -5*o - 1309 = -n, o - 3*n + 368 = 95. Let h = 450 + o. What is the highest common factor of h and 27?
27
Suppose t - 205 = -7. Suppose 0 = 13*x - 363 + 129. Calculate the highest common divisor of t and x.
18
Let u be 5 + (-3 - -3) - 2. Calculate the highest common divisor of 39 and u.
3
Suppose -15 = -5*k + o + 36, 0 = -3*k - 3*o + 45. Calculate the greatest common divisor of 341 and k.
11
Let f(h) = h**2 + 8*h + 21. Let y be f(-5). Let o be y/2 + -3*4/6. What is the greatest common factor of 7 and o?
1
Let o(i) be the second derivative of i**3/2 + 7*i**2 + i. Let f be o(0). What is the highest common factor of f and 112?
14
Suppose -4*g + 298 = 290, -3*g = -4*x + 194. Let w = 94 - -31. What is the highest common divisor of x and w?
25
Let d = 7 - 3. Let i be ((-5)/(-2))/(30/72). Let h = -2 + i. What is the highest common divisor of d and h?
4
Suppose -2*u = -5*s - 30, 4*u - u = -3*s + 66. Calculate the highest common divisor of 160 and u.
20
Let w(n) = -n**3 - 3*n**2 - 3*n - 1. Let u be w(-3). Suppose -u*d = -11*d + 15. What is the greatest common factor of 35 and d?
5
Let d(n) = 141*n**3 + 2*n**2 + 7*n - 9. Let p be d(1). What is the greatest common factor of p and 188?
47
Suppose -10 = 2*o, -5*o + 3 + 32 = 4*f. Let v be 270/(-2)*(1 + (-25)/f). Let t be (-18)/(2 + 46/(-20)). What is the highest common divisor of t and v?
30
Suppose 0 = u + u - 4. Let i(t) = 2*t - t - 3*t**2 - 3*t - t - t**3. Let f be i(-2). Calculate the highest common factor of f and u.
2
Suppose 381 + 425 = 3*m + 4*u, 2*u - 1078 = -4*m. What is the greatest common divisor of 108 and m?
54
Let a = 40 - 27. What is the highest common factor of 403 and a?
13
Let o = -73 - -74. Let q(k) = 44*k**2 + 2*k - 1. Let w be q(o). Suppose -52 - 38 = -5*h. Calculate the greatest common factor of h and w.
9
Suppose -2*q = -0*q - 84. Suppose -49 + 8 = -3*f + 5*c, 0 = -c - 4. What is the highest common factor of q and f?
7
Suppose 0 = m - o - 10, 7 = m - 3*o + 1. Let b = m - 13. Let y be 12 - (-1 - 1/b). What is the greatest common factor of y and 36?
12
Let q be 14*(10/(-4))/1*-3. Suppose 6 = 5*m - 2*m. Suppose 2*t - 59 = -4*f + 7*t, -52 = -2*f - m*t. Calculate the highest common divisor of q and f.
21
Let u be -10*(3 - 2)*-4. Suppose -3*b - 2*b = -5*m + u, 0 = 2*m + 2*b. Calculate the greatest common factor of m and 4.
4
Let l = 87 - 60. Let m = -1426 - -1471. Calculate the highest common divisor of l and m.
9
Let h = -55 + 81. Suppose 82*v = 100*v - 702. What is the greatest common factor of h and v?
13
Suppose 132 = 4*b - 0*b. Suppose 2*l - 7*l + h = -109, l - 41 = 5*h. Let v = 1 + l. Calculate the highest common factor of v and b.
11
Suppose 0 = -u + 29 - 3. Let n = u + -15. What is the highest common divisor of 99 and n?
11
Suppose y + 36 = 2*l, -29*l = -30*l - 4*y + 27. What is the greatest common factor of l and 323?
19
Suppose 0 = 11*f - 1 + 1. Suppose -4*v + 12 = -v, f = 4*w + 2*v - 64. What is the highest common factor of w and 98?
14
Let m(d) = 5*d**3 - 12*d**2 + 6. Let l be m(5). Suppose 3*b - l = -5*c + 46, -4*c - 5*b = -299. Calculate the greatest common divisor of c and 19.
19
Let c(r) = r**2 + 2*r - 2. Let x be c(1). Let j be (-2)/((-366)/(-126) - x*3). Suppose -6 - 9 = -5*u. What is the greatest common factor of u and j?
3
Let m(l) = l**3 + 2*l**2 + 2*l + 1. Let c be m(-2). Let g be -48*(c + 35/20). What is the highest common divisor of 20 and g?
20
Let n(l) be the third derivative of 6*l**2 + 0*l**3 + 3/2*l**4 + 0 + 0*l. Let d be n(1). What is the greatest common factor of d and 12?
12
Let l(s) = -50*s**3 + s**2 + 3*s + 2. Let f be l(-2). Calculate the highest common divisor of f and 16.
16
Let f(s) = -s**2 - 29*s + 530. Let i be f(-41). Calculate the greatest common factor of i and 494.
38
Let c be ((-786)/917)/(((-1)/(-42))/(-1)). What is the highest common factor of c and 132?
12
Let x = 87 - 52. Suppose 4*u = -7 + x. What is the greatest common divisor of u and 49?
7
Suppose 33*p - 24*p = 252. Let w(l) = -14*l. Let t be w(-1). What is the highest common factor of t and p?
14
Let q = 124 - -28. Let l = 227 - q. Calculate the greatest common factor of l and 25.
25
Suppose 9*b = -967 - 3551. Let q = -337 - b. Calculate the greatest common factor of q and 66.
33
Suppose 2*j + 24 = 2*a, -34 - 34 = -3*a - 5*j. Let z = a - 0. Suppose 3 = s - 1. What is the greatest common divisor of s and z?
4
Suppose 106 = 6*w - 26. What is the greatest common factor of 638 and w?
22
Suppose 2*k = -0*k + 228. Suppose -k = -5*a - 4. Calculate the highest 